{"id":143,"date":"2022-08-11T22:41:28","date_gmt":"2022-08-11T20:41:28","guid":{"rendered":"http:\/\/bcestre.fr\/?page_id=143"},"modified":"2022-10-21T14:34:28","modified_gmt":"2022-10-21T12:34:28","slug":"votre-osteopathe","status":"publish","type":"page","link":"https:\/\/bcestre.fr\/?page_id=143","title":{"rendered":"Votre ost\u00e9opathe"},"content":{"rendered":"\t\t<div data-elementor-type=\"wp-page\" data-elementor-id=\"143\" class=\"elementor elementor-143\">\n\t\t\t\t<div class=\"elementor-element elementor-element-99fee8b animated-slow e-flex e-con-boxed elementor-invisible e-con e-parent\" data-id=\"99fee8b\" data-element_type=\"container\" data-e-type=\"container\" data-settings=\"{&quot;animation&quot;:&quot;slideInLeft&quot;}\">\n\t\t\t\t\t<div class=\"e-con-inner\">\n\t\t<div class=\"elementor-element elementor-element-70b8ca8 e-con-full e-flex e-con e-parent\" data-id=\"70b8ca8\" data-element_type=\"container\" data-e-type=\"container\">\n\t\t\t\t<div class=\"elementor-element elementor-element-8b84255 elementor-widget elementor-widget-image\" data-id=\"8b84255\" data-element_type=\"widget\" data-e-type=\"widget\" data-widget_type=\"image.default\">\n\t\t\t\t<div class=\"elementor-widget-container\">\n\t\t\t\t\t\t\t\t\t\t\t\t<figure class=\"wp-caption\">\n\t\t\t\t\t\t\t\t\t\t<img fetchpriority=\"high\" decoding=\"async\" width=\"819\" height=\"1024\" src=\"https:\/\/bcestre.fr\/wp-content\/uploads\/2022\/08\/Photo-profil-doctolib-819x1024.jpg\" class=\"attachment-large size-large wp-image-161\" alt=\"\" srcset=\"https:\/\/bcestre.fr\/wp-content\/uploads\/2022\/08\/Photo-profil-doctolib-819x1024.jpg 819w, https:\/\/bcestre.fr\/wp-content\/uploads\/2022\/08\/Photo-profil-doctolib-240x300.jpg 240w, https:\/\/bcestre.fr\/wp-content\/uploads\/2022\/08\/Photo-profil-doctolib-768x960.jpg 768w, https:\/\/bcestre.fr\/wp-content\/uploads\/2022\/08\/Photo-profil-doctolib-1229x1536.jpg 1229w, https:\/\/bcestre.fr\/wp-content\/uploads\/2022\/08\/Photo-profil-doctolib-48x60.jpg 48w, https:\/\/bcestre.fr\/wp-content\/uploads\/2022\/08\/Photo-profil-doctolib.jpg 1440w\" sizes=\"(max-width: 819px) 100vw, 819px\" \/>\t\t\t\t\t\t\t\t\t\t\t<figcaption class=\"widget-image-caption wp-caption-text\">B\u00e9n\u00e9dicte CESTRE - Ost\u00e9opathe D.0.<\/figcaption>\n\t\t\t\t\t\t\t\t\t\t<\/figure>\n\t\t\t\t\t\t\t\t\t<\/div>\n\t\t\t\t<\/div>\n\t\t\t\t<div class=\"elementor-element elementor-element-072dfa1 elementor-widget elementor-widget-image\" data-id=\"072dfa1\" data-element_type=\"widget\" data-e-type=\"widget\" data-widget_type=\"image.default\">\n\t\t\t\t<div class=\"elementor-widget-container\">\n\t\t\t\t\t\t\t\t\t\t\t\t<figure class=\"wp-caption\">\n\t\t\t\t\t\t\t\t\t\t<img decoding=\"async\" width=\"1024\" height=\"793\" src=\"https:\/\/bcestre.fr\/wp-content\/uploads\/2022\/10\/SwiftScan-21-oct.-2022-14.22-1024x793.jpg\" class=\"attachment-large size-large wp-image-548\" alt=\"\" srcset=\"https:\/\/bcestre.fr\/wp-content\/uploads\/2022\/10\/SwiftScan-21-oct.-2022-14.22-1024x793.jpg 1024w, https:\/\/bcestre.fr\/wp-content\/uploads\/2022\/10\/SwiftScan-21-oct.-2022-14.22-300x232.jpg 300w, https:\/\/bcestre.fr\/wp-content\/uploads\/2022\/10\/SwiftScan-21-oct.-2022-14.22-768x594.jpg 768w, https:\/\/bcestre.fr\/wp-content\/uploads\/2022\/10\/SwiftScan-21-oct.-2022-14.22-78x60.jpg 78w, https:\/\/bcestre.fr\/wp-content\/uploads\/2022\/10\/SwiftScan-21-oct.-2022-14.22.jpg 1336w\" sizes=\"(max-width: 1024px) 100vw, 1024px\" \/>\t\t\t\t\t\t\t\t\t\t\t<figcaption class=\"widget-image-caption wp-caption-text\">Attestation de formation pour la prise en charge ost\u00e9opathique des plagioc\u00e9phalies <\/figcaption>\n\t\t\t\t\t\t\t\t\t\t<\/figure>\n\t\t\t\t\t\t\t\t\t<\/div>\n\t\t\t\t<\/div>\n\t\t\t\t<\/div>\n\t\t<div class=\"elementor-element elementor-element-712b8d3 e-con-full e-flex e-con e-parent\" data-id=\"712b8d3\" data-element_type=\"container\" data-e-type=\"container\">\n\t\t\t\t<div class=\"elementor-element elementor-element-a0e6584 elementor-widget elementor-widget-heading\" data-id=\"a0e6584\" data-element_type=\"widget\" data-e-type=\"widget\" data-widget_type=\"heading.default\">\n\t\t\t\t<div class=\"elementor-widget-container\">\n\t\t\t\t\t<h2 class=\"elementor-heading-title elementor-size-default\">Mon parcours :<\/h2>\t\t\t\t<\/div>\n\t\t\t\t<\/div>\n\t\t\t\t<div class=\"elementor-element elementor-element-f73460a elementor-widget elementor-widget-text-editor\" data-id=\"f73460a\" data-element_type=\"widget\" data-e-type=\"widget\" data-widget_type=\"text-editor.default\">\n\t\t\t\t<div class=\"elementor-widget-container\">\n\t\t\t\t\t\t\t\t\t<p>Titulaire depuis 2018 d\u2019un dipl\u00f4me d\u2019Ost\u00e9opathe (D.O.), valid\u00e9 apr\u00e8s une formation de 6 ans au sein de l\u2019Ecole Sup\u00e9rieure d\u2019Ost\u00e9opathie (ESO), j\u2019ai d\u2019abord exerc\u00e9 en r\u00e9gion parisienne \u00e0 Saint Maur des Foss\u00e9s puis Tremblay en France, avant de rejoindre r\u00e9cemment la r\u00e9gion rennaise pour des raisons familiales.<\/p><p>En plus de ma formation initiale \u00e0 l&rsquo;Ecole Sup\u00e9rieure d&rsquo;Ost\u00e9opathie, me permettant de prendre en charge tous type de patients (adultes, sportifs, femmes enceintes etc..), j&rsquo;ai souhait\u00e9 compl\u00e9ter mes connaissances dans le domaine de la p\u00e9rinatalit\u00e9.<\/p><p>J&rsquo;ai ainsi effectu\u00e9 plusieurs formations compl\u00e9mentaires post-grad :<\/p><p><em>-2018\u00a0: Ost\u00e9opathie et Fertilit\u00e9 \u2013 Formateur Bernard Ferru<\/em><\/p><p><em>-2019\u00a0: Ost\u00e9opathie, Grossesse, Accouchement et Post Partum \u2013 Formateur Bernard Ferru<\/em><\/p><p><em>-2020\u00a0: Ost\u00e9o B\u00e9b\u00e9 Niveaux 1 et 2\u00a0: Formateurs Eric Simon et Dany Heintz Blondy<\/em><\/p><p><em>-2021\u00a0: Freins de langue\u00a0: anatomie, retentissement sur la succion, evaluation strat\u00e9gies\u00a0\u2013 Centre d\u2019allaitement V\u00e9ronique Darmangeat<\/em><\/p><p><em>-2021\u00a0: Ost\u00e9opathie et p\u00e9diatrie \u2013 IFFCO \u2013 Christian de France de Tersant.<\/em><\/p><p><em>-2022 : Approche ost\u00e9opathique des plagioc\u00e9phalies \u2013 Sylvie Lessart<\/em><\/p><p>Je r\u00e9pondrai avec plaisir \u00e0 toutes vos questions !<\/p>\t\t\t\t\t\t\t\t<\/div>\n\t\t\t\t<\/div>\n\t\t\t\t<\/div>\n\t\t\t\t\t<\/div>\n\t\t\t\t<\/div>\n\t\t\t\t<\/div>\n\t\t","protected":false},"excerpt":{"rendered":"<p>B\u00e9n\u00e9dicte CESTRE &#8211; Ost\u00e9opathe D.0. Attestation de formation pour la prise en charge ost\u00e9opathique des plagioc\u00e9phalies Mon parcours : Titulaire depuis 2018 d\u2019un dipl\u00f4me d\u2019Ost\u00e9opathe (D.O.), valid\u00e9 apr\u00e8s une formation &hellip; <\/p>\n","protected":false},"author":1,"featured_media":0,"parent":0,"menu_order":0,"comment_status":"closed","ping_status":"closed","template":"","meta":{"footnotes":""},"class_list":["post-143","page","type-page","status-publish","hentry"],"_links":{"self":[{"href":"https:\/\/bcestre.fr\/index.php?rest_route=\/wp\/v2\/pages\/143","targetHints":{"allow":["GET"]}}],"collection":[{"href":"https:\/\/bcestre.fr\/index.php?rest_route=\/wp\/v2\/pages"}],"about":[{"href":"https:\/\/bcestre.fr\/index.php?rest_route=\/wp\/v2\/types\/page"}],"author":[{"embeddable":true,"href":"https:\/\/bcestre.fr\/index.php?rest_route=\/wp\/v2\/users\/1"}],"replies":[{"embeddable":true,"href":"https:\/\/bcestre.fr\/index.php?rest_route=%2Fwp%2Fv2%2Fcomments&post=143"}],"version-history":[{"count":31,"href":"https:\/\/bcestre.fr\/index.php?rest_route=\/wp\/v2\/pages\/143\/revisions"}],"predecessor-version":[{"id":554,"href":"https:\/\/bcestre.fr\/index.php?rest_route=\/wp\/v2\/pages\/143\/revisions\/554"}],"wp:attachment":[{"href":"https:\/\/bcestre.fr\/index.php?rest_route=%2Fwp%2Fv2%2Fmedia&parent=143"}],"curies":[{"name":"wp","href":"https:\/\/api.w.org\/{rel}","templated":true}]}}