{"id":149,"date":"2022-08-11T22:47:18","date_gmt":"2022-08-11T20:47:18","guid":{"rendered":"http:\/\/bcestre.fr\/?page_id=149"},"modified":"2023-08-31T09:40:27","modified_gmt":"2023-08-31T07:40:27","slug":"honoraires","status":"publish","type":"page","link":"https:\/\/bcestre.fr\/?page_id=149","title":{"rendered":"Honoraires et informations pratiques"},"content":{"rendered":"\t\t<div data-elementor-type=\"wp-page\" data-elementor-id=\"149\" class=\"elementor elementor-149\">\n\t\t\t\t<div class=\"elementor-element elementor-element-eb2fbaf e-flex e-con-boxed e-con e-parent\" data-id=\"eb2fbaf\" data-element_type=\"container\" data-e-type=\"container\">\n\t\t\t\t\t<div class=\"e-con-inner\">\n\t\t\t\t<div class=\"elementor-element elementor-element-9c0d7cc elementor-invisible elementor-widget elementor-widget-text-editor\" data-id=\"9c0d7cc\" data-element_type=\"widget\" data-e-type=\"widget\" data-settings=\"{&quot;_animation&quot;:&quot;zoomIn&quot;}\" data-widget_type=\"text-editor.default\">\n\t\t\t\t<div class=\"elementor-widget-container\">\n\t\t\t\t\t\t\t\t\t<p><span style=\"vertical-align: inherit;\"><span style=\"vertical-align: inherit;\">Consultation d&rsquo;ost\u00e9opathie : 55\u20ac\u00a0 \u00a0<\/span><\/span><\/p><p><span style=\"vertical-align: inherit;\"><span style=\"vertical-align: inherit;\">R\u00e8glements en CB, ch\u00e8que, esp\u00e8ces<\/span><\/span><\/p>\t\t\t\t\t\t\t\t<\/div>\n\t\t\t\t<\/div>\n\t\t\t\t\t<\/div>\n\t\t\t\t<\/div>\n\t\t<div class=\"elementor-element elementor-element-713a907 e-flex e-con-boxed e-con e-parent\" data-id=\"713a907\" data-element_type=\"container\" data-e-type=\"container\">\n\t\t\t\t\t<div class=\"e-con-inner\">\n\t\t\t\t<div class=\"elementor-element elementor-element-9639bea elementor-widget elementor-widget-text-editor\" data-id=\"9639bea\" data-element_type=\"widget\" data-e-type=\"widget\" data-widget_type=\"text-editor.default\">\n\t\t\t\t<div class=\"elementor-widget-container\">\n\t\t\t\t\t\t\t\t\t<p>De plus en plus de mutuelles remboursent partiellement ou enti\u00e8rement les consultations d&rsquo;ost\u00e9opathie, renseignez vous aupr\u00e8s de votre mutuelle.<\/p>\t\t\t\t\t\t\t\t<\/div>\n\t\t\t\t<\/div>\n\t\t\t\t<div class=\"elementor-element elementor-element-b0067a2 elementor-widget elementor-widget-text-editor\" data-id=\"b0067a2\" data-element_type=\"widget\" data-e-type=\"widget\" data-widget_type=\"text-editor.default\">\n\t\t\t\t<div class=\"elementor-widget-container\">\n\t\t\t\t\t\t\t\t\t<p><span style=\"text-decoration: underline;\"><b>Infos pratiques :\u00a0<\/b><\/span><\/p><p>&#8211; Pour les consultations nourrissons et enfants, pensez \u00e0 vous munir du <u>carnet de sant\u00e9,<\/u> de la <span style=\"text-decoration: underline;\">t\u00e9tine<\/span><u>,<\/u>\u00a0ainsi que d&rsquo;un <u>doudou <\/u>ou d&rsquo;un jouet qui rassurera votre enfant.\u00a0<\/p><p>&#8211; Pensez \u00e9galement \u00e0 vous munir de vos examens m\u00e9dicaux r\u00e9cents si vous en avez.<\/p><p>&#8211; Acc\u00e8s PMR<\/p><p>&#8211; Parking gratuit\u00a0<\/p><p>&#8211; Acc\u00e8s bus STAR 75 : arr\u00eat Menault<\/p>\t\t\t\t\t\t\t\t<\/div>\n\t\t\t\t<\/div>\n\t\t\t\t\t<\/div>\n\t\t\t\t<\/div>\n\t\t\t\t<\/div>\n\t\t","protected":false},"excerpt":{"rendered":"<p>Consultation d&rsquo;ost\u00e9opathie : 55\u20ac\u00a0 \u00a0 R\u00e8glements en CB, ch\u00e8que, esp\u00e8ces De plus en plus de mutuelles remboursent partiellement ou enti\u00e8rement les consultations d&rsquo;ost\u00e9opathie, renseignez vous aupr\u00e8s de votre mutuelle. Infos &hellip; <\/p>\n","protected":false},"author":1,"featured_media":0,"parent":0,"menu_order":0,"comment_status":"closed","ping_status":"closed","template":"","meta":{"footnotes":""},"class_list":["post-149","page","type-page","status-publish","hentry"],"_links":{"self":[{"href":"https:\/\/bcestre.fr\/index.php?rest_route=\/wp\/v2\/pages\/149","targetHints":{"allow":["GET"]}}],"collection":[{"href":"https:\/\/bcestre.fr\/index.php?rest_route=\/wp\/v2\/pages"}],"about":[{"href":"https:\/\/bcestre.fr\/index.php?rest_route=\/wp\/v2\/types\/page"}],"author":[{"embeddable":true,"href":"https:\/\/bcestre.fr\/index.php?rest_route=\/wp\/v2\/users\/1"}],"replies":[{"embeddable":true,"href":"https:\/\/bcestre.fr\/index.php?rest_route=%2Fwp%2Fv2%2Fcomments&post=149"}],"version-history":[{"count":70,"href":"https:\/\/bcestre.fr\/index.php?rest_route=\/wp\/v2\/pages\/149\/revisions"}],"predecessor-version":[{"id":636,"href":"https:\/\/bcestre.fr\/index.php?rest_route=\/wp\/v2\/pages\/149\/revisions\/636"}],"wp:attachment":[{"href":"https:\/\/bcestre.fr\/index.php?rest_route=%2Fwp%2Fv2%2Fmedia&parent=149"}],"curies":[{"name":"wp","href":"https:\/\/api.w.org\/{rel}","templated":true}]}}